e r(-4). Suppose -f - 4*m = n, -8*m + 3*m - 25 = 0. Let y(o) = 41*o**2 + 9*o + 3. Is y(f) prime?
True
Let r(g) = 75*g**2 - 858*g - 479. Is r(-96) prime?
False
Let t(d) = 22*d**2 + 50*d - 59. Is t(12) prime?
True
Suppose -2*s + 432*l - 431*l + 363678 = 0, 2*s + 2*l = 363666. Is s a prime number?
True
Suppose 0 = -18220*f + 18215*f + 221765. Is f a prime number?
False
Let b(z) = 2 + 6*z**2 - 6*z - z**2 + 3*z + 8*z**3 - 11*z. Let o be b(6). Suppose 5*l - 7711 = -o. Is l prime?
False
Let y = -472 - -510. Suppose y*g + 15*g - 1150153 = 0. Is g composite?
False
Let p = -14162 + 88711. Is p a composite number?
True
Let z(n) = 105*n**2 - 20*n + 108. Is z(7) a composite number?
False
Suppose -3*a + 7 = -5*d, -2 = 2*a - 3*d - 2*d. Let k be (a - 3) + 0/(-6). Suppose 0 = k*n - 4718 - 760. Is n a composite number?
True
Suppose -2*q + 101830 = 4*p, 0 = -4*q - 395*p + 394*p + 203709. Is q composite?
False
Suppose 2*s = 58 - 54. Suppose y - 7*h = -s*h + 979, 4*h - 2937 = -3*y. Is y a composite number?
True
Let m(d) be the second derivative of 445*d**4/6 + d**3/2 - 2*d**2 - 20*d. Let y be m(1). Suppose 0 = -0*l + 7*l - y. Is l composite?
False
Suppose h + 5*k + 3 = -1, -2 = k. Suppose -h = b - 8. Suppose v + b*v = 7305. Is v a prime number?
False
Let w = 238737 - 101620. Is w a composite number?
False
Let o = 247612 + -80381. Is o a prime number?
False
Let d(g) be the second derivative of 703*g**4/12 - 7*g**3/6 + 22*g. Is d(2) a prime number?
False
Suppose 38*j - 5618 = 17131 + 11033. Is j a prime number?
False
Suppose 4*v - 18 = -12*x + 10*x, 5*x = -2*v + 29. Suppose -5*i - 9*j + 4*j = -2925, -j = v. Is i composite?
False
Suppose 5*i - 1103551 = 2*w, 2*i - 2*w + 231489 = 672913. Is i composite?
False
Suppose -5*f = -5, -5*f - 26556 = 5*n - f. Let z = 1929 - n. Is z a composite number?
True
Suppose 2702*x + 1039589 = 2739*x. Is x a composite number?
False
Suppose 314683 = h + 3*c, 314691 = 28*h - 27*h + 5*c. Is h prime?
False
Suppose 2*q + 115 = -3*l, -3*l - 3*q - 38 = 76. Let y = l - -44. Suppose -y*x + 7849 = 4*t, -3*x + 2*t - 5*t + 4710 = 0. Is x a prime number?
False
Suppose v - 3160 = -3*v. Let k = -681 - -687. Suppose 3824 = k*j - v. Is j a composite number?
False
Suppose -2*v - 3*y + 27 = v, -5*y = -3*v - 13. Let p(u) = -140*u - 128. Let s be p(-7). Suppose 0 = j + 3*d - 184 - 21, v*j - s = -4*d. Is j composite?
True
Suppose -42*p + 60*p = 175*p - 22541903. Is p prime?
False
Suppose 154*k - 4785352 + 1720542 = 20767152. Is k a prime number?
True
Suppose 0 = 339*u - 334*u. Suppose u*k + 3 = -k, j - 30 = -4*k. Is -1511*1/(-2) + (-21)/j a prime number?
False
Suppose -7456116 = -33*g - 1504769 + 11352104. Is g prime?
True
Suppose 0 = 5*s + d - 9680, -2*d + 4 = -6. Suppose 3*x + s = -492. Let n = 1468 + x. Is n composite?
False
Let j = 225983 + -126040. Is j prime?
False
Suppose -1118 = 8*g - 56510. Suppose 8 = 5*o - 3*v, o - 7*v + 12 = -3*v. Suppose -o*x + 0*x + g = 0. Is x composite?
True
Let m be 316/26 - (-28)/(-182). Let x(a) = a**2 - 14*a + 26. Let k be x(m). Is (-1623)/k*10/(-15) a prime number?
True
Suppose 13605 = -14*g + 17*g. Let q = -1984 + g. Is q a composite number?
False
Let c(h) = -h**2 + 87*h**3 + 9 - 5*h**2 + 420*h - 418*h. Is c(4) composite?
True
Let l(s) = 11*s**2 + 6*s + 5. Let c be l(7). Let q(p) = -p - 298. Let t be q(-17). Let u = t + c. Is u prime?
False
Let t(c) be the third derivative of -c**5/30 - c**4/12 + 97*c**3/6 + c**2. Suppose -15*i + 17*i + 2*q - 10 = 0, 5*i + 20 = 4*q. Is t(i) prime?
True
Is 470228*5/240*12 prime?
False
Let k(t) = -7014*t - 4651. Is k(-42) prime?
True
Suppose 0 = 9*r - 98181 + 34896 - 112494. Is r a prime number?
True
Suppose c = -3*f - 0*c + 76, -5*c = -3*f + 88. Is (70326/f - -2) + (-8)/(-52) a composite number?
False
Let c(g) = -9*g - 14. Suppose 4*v - 2*u = -10, 3*v - 4*v = 3*u - 1. Let w be c(v). Suppose i = 0, 8*j - w*j + 5*i = 21044. Is j composite?
False
Let r(w) = -4*w - 25. Let l be r(-7). Suppose 4 = -5*o - 16, -5*o = l*f - 364. Suppose -364 = -4*j + f. Is j a prime number?
False
Suppose q + 5*q + 6876 = 0. Let w = 661 + q. Is (w*(-6)/45)/(4/138) prime?
False
Let c = -21 + 23. Suppose -36 = -c*h + 11*h. Let k(b) = -4*b + 6. Is k(h) a prime number?
False
Is -6*(-441610)/156 + -12 prime?
False
Let i(j) = 10*j + 14. Let b(p) = -11*p - 14. Let t(k) = 3*b(k) + 4*i(k). Let v be t(-2). Suppose 0*d + 3*d - 2847 = v. Is d a prime number?
False
Let l(d) = -166*d**3 - 3*d**2 - 24*d + 167. Is l(-8) a prime number?
True
Suppose 79*f - 28*f = 35*f + 31376. Is f composite?
True
Let c = -232 - -237. Suppose 0 = -3*d - 1 + 13, 2*d - 121533 = -c*u. Is u a composite number?
True
Suppose -7 + 37 = 15*c. Let f(j) = 1361*j**2 + 2. Let s be f(c). Suppose s = 7*r - 133. Is r a composite number?
False
Suppose -18*o - 34342 - 5546 = 0. Let n = -1005 - o. Is n a prime number?
False
Suppose -6*m - 21*h + 62868 = -20*h, 5*h + 20924 = 2*m. Is m prime?
True
Is (-56)/126 + -625286*248/(-144) composite?
True
Suppose -44*s - 791069 = 13647. Let a = 29270 + s. Is a a composite number?
True
Suppose -423480 = -5*v - 5*r, -4*v + 70431 = r - 268338. Is v composite?
False
Let o = 177241 - -78870. Is o a prime number?
False
Suppose -4*c + 3*c = -3. Suppose -3*w + 3030 = -2*g - 0*g, -3*w + c*g = -3033. Suppose w - 3796 = -4*u. Is u prime?
False
Let g(u) = 17*u**3 - 8*u**2 - 11*u - 3. Let k be g(-5). Let z = k - -5844. Is z a composite number?
False
Suppose -12 = j - 5*j. Suppose 4*d + 7*n = 3*n + 52, -31 = -2*d - j*n. Is (-14)/d*(-4020)/15 composite?
True
Let i = -87713 - -152152. Is i composite?
False
Let t(z) = 2*z + 44. Let c be t(-18). Suppose -c*k = -10*k + 1946. Is k a prime number?
False
Let o(v) = -3*v**2 + 99*v - 86. Let d be o(32). Is (190290/(-12))/((-5)/d) prime?
False
Is -1 - 12 - (-35602 - -40) prime?
False
Suppose -28*p = -31*p - 93. Let r = 36 + p. Let k(a) = 10*a**3 + 7*a**2 - 7*a + 7. Is k(r) a composite number?
True
Let d(g) = g**2 - 20*g + 22. Let v be d(19). Let m be 3 - (v + -1)*-1. Suppose 2*s + 6*t - 123 = m*t, -69 = -s - 2*t. Is s a composite number?
False
Let f be (-25 - -28)*((-1 - 0) + 3). Let d be 478/(f/165*5). Suppose 15144 = 5*m + d. Is m a prime number?
True
Let w = -499 - -510. Is w*(-4)/(-6)*9285/10 a composite number?
True
Let r be -2 - (4*9)/(-2). Suppose 3 = -r*w + 83. Suppose -w*n - 1606 = -16*n. Is n composite?
True
Let n(t) = 2416*t + 1689. Is n(34) prime?
True
Suppose -2*k + 13*z + 34756 = 0, -7*k + z = -8*k + 17423. Is k prime?
True
Let f(r) = r. Let x be f(5). Suppose -1596 = c - 4*y, c + x*y + 1991 = 440. Let g = c - -2427. Is g a prime number?
False
Let q = 8608 - -2491. Is q a composite number?
True
Suppose 196432 = 4*v + 9*d - 5*d, -d = 4*v - 196417. Is v composite?
False
Let g = -181 - -1912. Is g a composite number?
True
Is 18/45*-5 + (-3 - -224092) prime?
False
Let o = -86510 + 61515. Is o/(-20) - (1 - (-6)/(-24)) a composite number?
False
Let w(t) = 2906*t**3 - 10*t**2 + 185*t - 1153. Is w(6) a prime number?
True
Let d(q) = 8136*q**2 - 8*q + 15. Let k be d(4). Suppose k = 9*l + 2602. Is l a composite number?
False
Suppose 0 = 13*q - 18*q + 15. Suppose -a + 1843 = q*l, -5*l + 1909 = 2*a - 1777. Is a composite?
True
Suppose 41*x = 33983245 - 1167583. Is (1 - 4)*x/(-198) composite?
True
Is (-3)/(-12)*2*-2*-461067 a composite number?
True
Suppose o - 15 - 8 = 4*c, -8 = 4*c. Let p = 178 - o. Is p a prime number?
True
Suppose 5768*c - 5762*c = 218166. Is c a prime number?
False
Suppose 67 = 5*d - 513. Let u(n) = 11*n**2 + 3*n - 5. Let t be u(8). Let o = d + t. Is o composite?
False
Let y = 2735 + -5610. Let n = y - -5382. Is n composite?
True
Suppose -319*w + 157*w = -180*w + 291996. Is w a composite number?
True
Suppose -4*b - p = -390695, -6*p = 2*b - 230702 + 35338. Is b a composite number?
False
Is 817380/240 - (-15)/12 composite?
False
Let j(f) = 1535*f + 1 - 4 - 11. Let h = -9554 - -9557. Is j(h) a composite number?
False
Suppose -11461456 = 155*l - 42*l - 65231715. Is l a prime number?
False
Suppose -178023 = 10*k - 516533. Is k prime?
True
Suppose 125388051 + 8214280 = 169*d + 13509410. Is d prime?
True
Let c(y) = 4*y - 30. Let n be c(8). Let b be 2*((-1)/(-6))/(n/6). Is (b - -1)*(153 - (-1 + 5)) a prime number?
False
Let j(f) = -45*f**3 + f**2 - 11*f - 16. Let m be j(-7). Suppo